6877
List the prime factors of 1436931.
3, 43, 47, 79
What are the prime factors of 1629041?
19, 83, 1033
What are the prime factors of 169447?
29, 5843
What are the prime factors of 9434296?
2, 1179287
What are the prime factors of 3977723?
67, 59369
List the prime factors of 18051.
3, 11, 547
What are the prime factors of 2536722?
2, 3, 140929
What are the prime factors of 5267609?
5267609
List the prime factors of 529502.
2, 43, 47, 131
List the prime factors of 166209.
3, 17, 3259
List the prime factors of 25036.
2, 11, 569
What are the prime factors of 1259755?
5, 7, 35993
List the prime factors of 194625.
3, 5, 173
List the prime factors of 438105.
3, 5, 29207
List the prime factors of 3565188.
2, 3, 11, 3001
What are the prime factors of 235780?
2, 5, 11789
What are the prime factors of 1005446?
2, 13, 38671
What are the prime factors of 333536?
2, 7, 1489
List the prime factors of 9935689.
19, 103, 5077
What are the prime factors of 52689?
3, 7, 13, 193
List the prime factors of 8614593.
3, 13, 101
What are the prime factors of 282971?
13, 21767
List the prime factors of 637030.
2, 5, 63703
What are the prime factors of 688879?
47, 14657
What are the prime factors of 262155?
3, 5, 17477
What are the prime factors of 22927?
101, 227
List the prime factors of 280619.
17, 971
List the prime factors of 334482.
2, 3, 107, 521
List the prime factors of 3517053.
3, 1172351
List the prime factors of 179179.
7, 11, 13, 179
List the prime factors of 78067.
11, 47, 151
List the prime factors of 747479.
19, 39341
What are the prime factors of 17982942?
2, 3, 2997157
List the prime factors of 1975144.
2, 149, 1657
What are the prime factors of 614980?
2, 5, 97, 317
What are the prime factors of 3289959?
3, 17, 21503
What are the prime factors of 9237083?
2357, 3919
List the prime factors of 6057097.
6057097
What are the prime factors of 7985905?
5, 1597181
What are the prime factors of 899121?
3, 107, 2801
List the prime factors of 1674240.
2, 3, 5, 109
What are the prime factors of 9850071?
3, 7, 11, 42641
What are the prime factors of 13140?
2, 3, 5, 73
List the prime factors of 22661836.
2, 5665459
List the prime factors of 205347.
3, 68449
List the prime factors of 5701070.
2, 5, 570107
What are the prime factors of 1152795?
3, 5, 7, 10979
What are the prime factors of 380864?
2, 11, 541
What are the prime factors of 100936?
2, 11, 31, 37
What are the prime factors of 58759?
67, 877
List the prime factors of 749206.
2, 374603
List the prime factors of 903161.
7, 129023
What are the prime factors of 35126919?
3, 1300997
List the prime factors of 323273.
323273
List the prime factors of 77647.
77647
List the prime factors of 2130350.
2, 5, 137, 311
List the prime factors of 1356225.
3, 5, 13, 107
List the prime factors of 675876.
2, 3, 151, 373
What are the prime factors of 667978?
2, 333989
List the prime factors of 585008.
2, 36563
What are the prime factors of 13477045?
5, 2695409
List the prime factors of 666928.
2, 73, 571
List the prime factors of 29083.
127, 229
What are the prime factors of 17284503?
3, 5761501
List the prime factors of 111444.
2, 3, 37, 251
What are the prime factors of 9487631?
19, 499349
What are the prime factors of 3810329?
17, 53, 4229
List the prime factors of 1201570.
2, 5, 120157
List the prime factors of 4546450.
2, 5, 79, 1151
List the prime factors of 21714896.
2, 7, 193883
List the prime factors of 3935195.
5, 11, 71549
List the prime factors of 2428226.
2, 1214113
List the prime factors of 19024689.
3, 6341563
What are the prime factors of 6375741?
3, 53, 40099
What are the prime factors of 5860383?
3, 47, 89, 467
What are the prime factors of 4677896?
2, 584737
What are the prime factors of 2167327?
2167327
List the prime factors of 26433670.
2, 5, 23, 281, 409
What are the prime factors of 213784?
2, 26723
What are the prime factors of 13334395?
5, 983, 2713
List the prime factors of 121339.
71, 1709
List the prime factors of 12099366.
2, 3, 59, 11393
List the prime factors of 1622626.
2, 839, 967
What are the prime factors of 503672?
2, 13, 29, 167
What are the prime factors of 187369?
7, 13, 29, 71
What are the prime factors of 125736?
2, 3, 13, 31
What are the prime factors of 34143453?
3, 173, 21929
What are the prime factors of 47314?
2, 41, 577
What are the prime factors of 9128391?
3, 367, 8291
What are the prime factors of 22282?
2, 13, 857
List the prime factors of 922864.
2, 57679
What are the prime factors of 13135285?
5, 2627057
What are the prime factors of 57068?
2, 11, 1297
What are the prime factors of 26850932?
2, 193, 34781
What are the prime factors of 5689228?
2, 331, 4297
List the prime factors of 126732.
2, 3, 59, 179
What are the prime factors of 9024547?
7, 1049, 1229
List the prime factors of 1439991.
3, 7, 19, 401
List the prime factors of 2088138.
2, 3, 13, 19, 1409
What are the prime factors of 6841669?
31, 220699
What are the prime factors of 4677302?
2, 7, 334093
List the prime factors of 2468610.
2, 3, 5, 41, 223
What are the prime factors of 3199211?
1093, 2927
What are the prime factors of 5975041?
17, 131, 2683
List the prime factors of 625392.
2, 3, 43, 101
List the prime factors of 3566771.
13, 23, 79, 151
List the prime factors of 26921.
26921
List the prime factors of 12006519.
3, 7, 81677
List the prime factors of 20033550.
2, 3, 5, 44519
List the prime factors of 1233814.
2, 467, 1321
What are the prime factors of 4844121?
3, 1614707
What are the prime factors of 5644933?
7, 617, 1307
What are the prime factors of 447172?
2, 11, 10163
List the prime factors of 136127.
197, 691
What are the prime factors of 698106?
2, 3, 116351
What are the prime factors of 248711?
73, 3407
List the prime factors of 334914.
2, 3, 55819
What are the prime factors of 19265169?
3, 7, 11, 83399
What are the prime factors of 2148666?
2, 3, 13, 163
What are the prime factors of 2281273?
19, 120067
List the prime factors of 2793102.
2, 3, 13, 35809
List the prime factors of 62058.
2, 3, 10343
List the prime factors of 9178269.
3, 3059423
What are the prime factors of 1444274?
2, 13, 4273
What are the prime factors of 1955901?
3, 17, 38351
List the prime factors of 5839036.
2, 7, 31
List the prime factors of 147713.
17, 8689
List the prime factors of 950859.
3, 7, 13, 43
List the prime factors of 12923985.
3, 5, 861599
What are the prime factors of 2081578?
2, 71, 107, 137
What are the prime factors of 35088853?
35088853
List the prime factors of 4291408.
2, 11, 37, 659
List the prime factors of 343400.
2, 5, 17, 101
What are the prime factors of 204014?
2, 83, 1229
What are the prime factors of 2969592?
2, 3, 123733
List the prime factors of 190840.
2, 5, 13, 367
List the prime factors of 6890665.
5, 41, 33613
What are the prime factors of 347967?
3, 23, 41
List the prime factors of 2144844.
2, 3, 13, 4583
List the prime factors of 110735.
5, 22147
What are the prime factors of 726719?
7, 14831
What are the prime factors of 628379?
628379
What are the prime factors of 216629?
7, 4421
What are the prime factors of 310901?
310901
What are the prime factors of 373383?
3, 13829
List the prime factors of 3447730.
2, 5, 11, 13, 2411
List the prime factors of 1641890.
2, 5, 113, 1453
List the prime factors of 14010816.
2, 3, 72973
List the prime factors of 651283.
71, 9173
What are the prime factors of 8333070?
2, 3, 5, 89, 3121
What are the prime factors of 5674248?
2, 3, 78809
What are the prime factors of 3728581?
41, 211, 431
What are the prime factors of 199181?
199181
What are the prime factors of 9389?
41, 229
What are the prime factors of 3599482?
2, 1799741
List the prime factors of 1307725.
5, 17, 181
List the prime factors of 490697.
490697
List the prime factors of 572402.
2, 29, 71, 139
List the prime factors of 436760.
2, 5, 61, 179
What are the prime factors of 255961?
255961
What are the prime factors of 38232?
2, 3, 59
List the prime factors of 1029449.
79, 83, 157
What are the prime factors of 646226?
2, 7, 31, 1489
What are the prime factors of 689267?
689267
List the prime factors of 315404.
2, 29, 2719
List the prime factors of 167155.
5, 101, 331
List the prime factors of 6906185.
5, 11, 13, 743
What are the prime factors of 468288?
2, 3, 271
List the prime factors of 670